 m + 5 = 7. Suppose -x + 56 = -4*b, m*b - 4*b - 22 = -2*x. What is the hundreds digit of -252*-1*(-10)/b?
1
Suppose -3 = 46*k - 47*k. Suppose -4*p = -j - 38, -5*p = -0*j - k*j - 51. Suppose 303 = 2*g + p. What is the tens digit of g?
4
Let z be (2/(-6))/((-2)/24). Suppose 2*s + 10 = z*s, -469 = -3*j + 4*s. What is the hundreds digit of j?
1
Suppose 0 = -53*q - 96*q + 3624320 + 3227445. What is the thousands digit of q?
5
Suppose 0 = -2*f + 2*p + 90910, -4*f - 11*p = 6*p - 181967. What is the hundreds digit of f?
4
Let g = -68481 + 161304. What is the tens digit of g?
2
Let p be (-6)/(-15) - (-2132)/20. Let z = p + 203. Suppose -21*l + z = -16*l. What is the units digit of l?
2
Suppose -5630 = 190*i - 192*i. What is the units digit of i?
5
Let q = -7 + 26. Suppose 20 = 4*w, 5*c - w = c + q. Suppose 4*p - c*p = -46. What is the tens digit of p?
2
Suppose -2*j = 4*b - 302, b - 2*j - 2*j = 80. Let v(d) = -7*d - 44. Let c be v(-7). Suppose -5*f + 19 = 5*r - b, c*r = -2*f + 89. What is the units digit of r?
7
Let g(t) = -t**3 + 5*t**2 + 6*t + 4. Let l be g(6). Let u be l + (-2 - -1 - -2). Suppose 0 = u*c - 119 - 41. What is the units digit of c?
2
Suppose 103478 + 41656 = 11*g. What is the hundreds digit of g?
1
What is the hundreds digit of ((-1072722)/(-798))/(2/38)?
5
Let f be (1/(-2 + -1))/(4/(-12)). Suppose -3 = -l - f, -445 = -t + 3*l. What is the tens digit of t?
5
Let w = -367 - -387. Suppose w*m - 3930 = 5*m. What is the tens digit of m?
6
Suppose 0*z - 3 = -z - 5*i, 0 = -2*z + 5*i + 6. Let f(q) = 140*q - 13. What is the units digit of f(z)?
7
Let l(k) = k**2 - 32*k + 161. Let i be l(26). Suppose -7*f - 4370 = -5*t - i*f, 0 = f + 5. What is the tens digit of t?
7
What is the hundreds digit of (-64)/(-96)*(-3294)/(-5) + 4/5?
4
Let z = 44981 - 20301. What is the hundreds digit of z?
6
Let v(d) = -10 + 10 - 34 - 1 - 221*d - 72. What is the units digit of v(-6)?
9
Let b = 204 + -358. Let k = b + 159. What is the units digit of k?
5
Let c = 904 + -645. Suppose c*k + 6354 = 268*k. What is the tens digit of k?
0
Suppose 3*s - 16464 = 3*r, 0 = 30*s - 35*s + 3*r + 27426. What is the tens digit of s?
8
Let p = -1 + 21. Let r be p/(-8)*-4 - 4. Suppose r*l = l + z + 686, 5*l = -2*z + 698. What is the units digit of l?
8
Let w(i) = -i**3 + i + 3 + 0 + 3*i**2 - 2*i**3. Let x be w(-3). Let g = x + -55. What is the units digit of g?
3
Let o be 2*(6/(-9))/(2/(-9)). Suppose -3*l = -2*a + a - o, -a - 4*l = -29. Suppose a*x = 2359 - 955. What is the hundreds digit of x?
1
Let q(d) be the third derivative of 17*d**5/12 - d**4/4 - 13*d**3/3 + 2*d**2 + 2. What is the hundreds digit of q(-3)?
7
Suppose -5 - 230 = -v - 5*u, -484 = -2*v - 3*u. Suppose -169 + v = g. What is the units digit of g?
6
Let i(w) = -w**2 + 12*w - 19. Let d be i(9). Let a(r) = 22*r - 10. Let u be a(d). Let l = u + -68. What is the units digit of l?
8
Suppose 1218*w = 1248*w - 17850. What is the tens digit of w?
9
Suppose 33*y - 117 = 32*y - 5*m, -3*y = -5*m - 311. Suppose 1552 = -y*g + 108*g. What is the hundreds digit of g?
5
Suppose -14*c + 29*c = -60. Suppose -j + 0*j = 1. What is the units digit of j/c + (910/8 - 4)?
0
Suppose 2774 = -7*h - 1713. Let s = h - -1040. What is the tens digit of s?
9
Suppose -8*r + 1998 = r. Let p = -113 + r. Let c = -16 + p. What is the units digit of c?
3
Let s be 22/8 - (-15)/60 - 0. Suppose -s*b - 3*x + 1468 = x, -b + 490 = x. What is the tens digit of b?
9
Suppose 16*m - 7 = -y + 18*m, -4*m = 4*y - 16. Suppose -5*c + 34 - 14 = 0. Suppose s - 221 = -j, 1097 = y*s - c*j + j. What is the hundreds digit of s?
2
Let l(z) = 10847*z**2 - 27*z + 4. What is the hundreds digit of l(1)?
8
Let t be (-67)/(-13) + 15/(-13) + 1. Suppose 0 = 6*j + t*j + 11. Let s(a) = -136*a**3 + 4*a**2 + 2*a. What is the hundreds digit of s(j)?
1
Let b be 25*(2/6)/(3/(-9)). Let p = 35 - b. Suppose -p - 56 = -4*o. What is the tens digit of o?
2
Suppose -7*h = -9 - 26. Let w be 44/(-6) - (h/3 - 1). What is the hundreds digit of 0 + 168 + 2*4/w?
1
Suppose -67*q = -62*q + 10. What is the tens digit of 84*(12/8 + (-11)/q)?
8
Let f(m) = 7*m - 7 + 3*m - 4 - 5. Let n be f(3). Let p = 96 - n. What is the units digit of p?
2
Let r(k) = -77*k - 1002. Let h be r(-13). Let s(a) = 0 + 8*a**2 - 3 + 34*a**2 - 3*a. What is the units digit of s(h)?
2
Suppose 3*f + 6 = 2*j, -4*j - 4*f = f - 34. Let b be j/6 - (1*-6 + 1). Suppose 0 = -3*u - 4*d + 108, b*u = 4*u + d + 61. What is the units digit of u?
2
Suppose 6*h + 2*k = 4*h + 8, 4*h = 4*k + 32. Let i(s) = 6 - h*s + 8*s - s. What is the units digit of i(-5)?
1
Suppose 0 = -6*w + 4*g + 12288, 6*w + 5*g - 10215 = w. What is the hundreds digit of (-104)/40 + 2 + w/10?
2
Let v(d) = d**3 + 43*d**2 + 40*d + 9. Let k be v(-17). Suppose 11*n + k = 19790. What is the tens digit of n?
7
Let b(c) = 8850*c**2 - 6*c - 7. What is the tens digit of b(-1)?
4
Let a be 2 + -1 - -2 - (0 + -2). Suppose 3*l - a*l = -104. What is the tens digit of l?
5
Suppose 424*b - 5940919 + 265255 = 0. What is the ten thousands digit of b?
1
Suppose -128*b = -132*b + 5584. Let h = -581 + b. What is the units digit of h?
5
Let f(x) = 10*x - 176. Let p be f(-1). Let j be -1 - ((2 - 0) + -62). Let l = j - p. What is the units digit of l?
5
Let x(g) = g + 7. Let j be x(-6). Suppose -4*i = 4*n + 8, 4*i + 4 = -5*n - j. Let p = 111 + n. What is the hundreds digit of p?
1
Let k = 62 + -96. Let z = k + 38. Suppose z*g - 2 - 2 = 0, s = 4*g. What is the units digit of s?
4
Let h be 11/3 + (-4)/(-12). Let x(r) = -h*r - 18*r**2 - 9 + 15*r**2 + 5*r**2. What is the units digit of x(5)?
1
What is the hundreds digit of 7 - ((-105148)/16 - 21/(-28))?
5
Suppose -55 = -24*n + 19*n. Suppose 6*j - n*j + 395 = 0. Suppose 75*t = j*t - 216. What is the tens digit of t?
5
Suppose -5*x = -4*t - 76, 2*x - 5*t = 7*x - 40. Let w = 25 + 63. Suppose f - 3*g + g = x, -5*f = 4*g - w. What is the units digit of f?
6
Suppose -2*i - 8 = -2*v, -6*i + 7 = 4*v - i. Suppose -313 = -5*f + f - 5*n, -319 = -4*f - v*n. Let k = -34 + f. What is the tens digit of k?
4
Let t(h) = -4*h**3 - 221*h**2 - 68*h - 110. What is the hundreds digit of t(-55)?
6
Let x be (1 - 1) + (-5)/5*51. Suppose 4*a - 5*v = 564, 0 = 2*a + 3*v - 7*v - 282. Let w = x + a. What is the units digit of w?
0
Let m(f) = -30*f**3 - 3*f**2 + 8*f - 7. Let d be m(-4). Suppose 0 = 3*g + 2*k - d, -5*k = 2*g - 8*k - 1222. What is the units digit of g?
1
Let h = 48 - -5282. What is the hundreds digit of h?
3
Let s(d) = -2*d**2 + 65*d - 41. Let p be s(32). What is the units digit of (-795)/p - 8/18*3?
7
Let o = 79 + -76. What is the tens digit of -3 + 258 - (-1)/(o/6)?
5
Let u = 765 + -760. Suppose 2121 = 2*n + 4*j + 159, 0 = -u*n - j + 4923. What is the tens digit of n?
8
Suppose 6*j - 19 = -1. Suppose 0 - j = -p. Suppose -p*m = m - 4*o - 764, 5*m - o - 975 = 0. What is the units digit of m?
6
Let d be (20/15 + 2)/(25/30). Suppose -5*q + d*a + 588 = 0, a = -2*a - 6. What is the hundreds digit of q?
1
Let t(d) = -15*d + 24. Let k be t(-23). Suppose 8*h + k = 1137. What is the tens digit of h?
9
Suppose 0 = -3*f - 5*f + 400. Suppose 38 - f = -4*s. Suppose -5*l = -s*y + 35, 5*y = 5*l + 79 - 14. What is the units digit of y?
5
Let i(j) = j. Let y(g) = 19*g**3 - 1 - 41*g**2 + 0 + 4*g + 43*g**2. Let b(x) = 6*i(x) - y(x). What is the units digit of b(-2)?
1
Suppose m + 4*h - 234 = 16, 3*m - 4*h = 670. Suppose 3*v - 6*v = -2*k - m, 4*v = -5*k + 345. What is the tens digit of v?
8
Let q = -42 + -139. Let l = -150 - q. What is the tens digit of l?
3
Let y(o) = o**3 + 23*o**2 - 11*o - 53. Let f = -206 - -183. What is the hundreds digit of y(f)?
2
Let i(g) = -13*g + 28. Let q = 18 + -142. Let h = 115 + q. What is the tens digit of i(h)?
4
What is the units digit of (5061/(-6))/(33/(-462))?
9
What is the tens digit of (-4 + 266/57)*(-24801)/(-2)?
6
Suppose -5*q + 1368506 + 446854 = 178*q. What is the units digit of q?
0
Suppose 2*p + 3*l - 46703 = 0, 0*p - 5*p + 5*l + 116845 = 0. What is the hundreds digit of p?
3
What is the hundreds digit of (6 - -1206)/12*101?
2
Let q be 1 + -1 - (3 + -8). Suppose 5*z - 2113 = -4*s, z + q*s - 422 = 4*s. What is the units digit of z?
5
Suppose -4*g + 11 = -25. Suppose 3*j + g*j = 4452. What is the tens digit of j?
7
Let u = 82 + -263. Let t = u - 